p + 5. Let f be t(o). What is the tens digit of (-1)/f + (-17803)/(-133)?
3
Let t(k) be the first derivative of 2*k**3/3 - 13*k**2 + 34*k + 21. Let s be t(16). Suppose -3*m + 263 = -s. What is the units digit of m?
1
Suppose 0 = -2*i + 155 + 1685. Let y = 649 - i. Let t = 381 + y. What is the units digit of t?
0
Suppose 0 = 27*n - 28*n + 3*p + 9258, 4*n - 3*p = 37014. What is the hundreds digit of n?
2
Let h(t) be the third derivative of t**5/60 + 13*t**4/24 + t**3/2 - 5*t**2. Suppose -13*i - 225 - 22 = 0. What is the tens digit of h(i)?
1
Let j = 54667 + -38691. What is the hundreds digit of j?
9
Let r(k) = 1352*k**2 - 24*k - 64. What is the hundreds digit of r(-3)?
1
Let b = 193 - 191. Let y(g) = 8*g**3 - 2 + 4*g - 2*g**3 + 0*g**3 - 3*g**2 - g**3. What is the tens digit of y(b)?
3
Suppose 13295 + 177 = 2*x + 4*r, 2*x = -5*r + 13467. What is the hundreds digit of x?
7
Let c be (3/(-5))/((-5)/25). Suppose -4*f - c*r = -194, -2*f + 79 = -2*r - 11. Suppose 0 = 4*x + 12, -2*a + 4*x + f = -97. What is the units digit of a?
6
Let c be (5 - 5)/6*2/4. Let u(h) = 16*h + 145. What is the hundreds digit of u(c)?
1
Let w(x) = 608*x + 26. Let i be w(1). Let r = i + -412. What is the units digit of r?
2
Let f = -14 + 16. Let p be (1 + 0)*(-1 + f + -1). Suppose -4*c + l + 0*l + 320 = p, 4*l = 5*c - 411. What is the units digit of c?
9
What is the tens digit of 24/(-16)*(2 + -3)*(-3324)/(-9)?
5
What is the tens digit of 141520/(-19 - -35) - 10?
3
Let a(z) = 3*z**2 + 14*z - 6. Let u be a(-10). Suppose -b - u = -3*b. Let v = -16 + b. What is the tens digit of v?
6
Suppose 57*y - 9*y + 7*y - 555170 = 0. What is the hundreds digit of y?
0
Let u = 27 - -2. Suppose y - d + 5*d - u = 0, -d + 5 = 0. Suppose 4*t + 585 = y*t. What is the tens digit of t?
1
Suppose -11005994 = -171*b - 605603. What is the thousands digit of b?
0
Let y(c) = 17*c**3 - 73*c**2 - 9*c - 37. What is the thousands digit of y(10)?
9
Let x = 605 + -599. What is the hundreds digit of (20 - (x + -8))/((-6)/(-429))?
5
What is the ten thousands digit of 30/4*2886428/745?
2
Suppose 14*i - 5248 = 6*i. Let r = -29 + i. What is the units digit of r?
7
Let a be -302*((-20)/8)/5. Suppose -2*c + 162 = -5*f, -2*c + 2*f = -17 - a. What is the units digit of 2/(c/28 + -3)?
8
Suppose 57*q = -5*d + 60*q + 50945, -3*d - 2*q = -30586. What is the tens digit of d?
9
Suppose x - 8*b - 6978 = 0, -18*x + 15*x + b = -20957. What is the tens digit of x?
8
Let b(o) = o**2 + 2*o. Let a be b(-2). Suppose -4*m + 4 + a = 4*z, -2*z - 7 = -m. Suppose 5*l - 9 = 6, -m*v - 3*l = -129. What is the units digit of v?
0
Suppose 5*w + g - 2*g - 3 = 0, -2*g - 6 = 0. Suppose -3*q - 5 - 1 = w. What is the tens digit of 117 - ((q + 3)*-1 - -4)?
1
What is the ten thousands digit of (-4620)/(-9)*(-6600)/(-160)?
2
Let o = -23 + 23. Suppose 7*h - 4*h - 255 = o. What is the tens digit of h?
8
Let d(z) = 908*z**2 + 7*z + 8. Let k be d(-2). Suppose 481 = -5*n + k. What is the hundreds digit of n?
6
Let n(o) = 5*o**2 - 44*o - 22. Suppose 103 - 19 = 4*c. What is the thousands digit of n(c)?
1
Let l = -37 - -65. Let y = l + 48. What is the tens digit of 3/6*(y + 0)?
3
Suppose 2*a + 0*a = 0. Suppose a = o + 11 - 14. Suppose o = q - 33. What is the units digit of q?
6
Let w(n) = 27*n - 87. Let l be w(-8). Let t = 369 + l. What is the units digit of t?
6
Let q(i) = 11*i + 18 + 14*i**3 + 14*i**2 - 27*i**3 + 12*i**3. Let n be q(14). Let c = n + -28. What is the hundreds digit of c?
1
Let n(c) = 353*c**2 - 92*c - 1955. What is the thousands digit of n(-14)?
8
Suppose -134 + 1852 = -m - 3*w, -3*m - 3*w - 5160 = 0. Let r = -1122 - m. What is the tens digit of r?
9
Let q be (-12)/16*1 + 30/8. Suppose 0*k + 936 = q*k. What is the units digit of k?
2
Suppose 0 = 3*u - 5*t - 10156, 187*u - 2*t = 182*u + 16895. What is the tens digit of u?
7
Let z(x) = -8*x - 4. Let s be z(-1). Suppose -g + 1166 = 4*g - s*n, -226 = -g - n. What is the tens digit of g?
3
Suppose 67*w - 75*w = 16. Let r be (2 - -136) + 1*-3. What is the hundreds digit of 1 + r + w/(-2)?
1
Let f = -11655 + 22221. What is the thousands digit of f?
0
Let i = 132 - 130. Suppose -i*g - 117 = -w - 1169, 2*g = -5*w + 1040. What is the hundreds digit of g?
5
Suppose 2*l - 5 = -3, l = 3*c + 382. Let j = 384 + c. What is the units digit of j?
7
Suppose 2*x - z - 49134 = 0, 2*z + 122857 = 5*x + 5*z. What is the ten thousands digit of x?
2
Suppose -3*l + 5109 = z, 0 = 12*l - 15*l + 6. What is the tens digit of z?
0
Suppose -7*y - 599 - 1669 = 0. Let t = 525 + y. What is the tens digit of t?
0
Let s = 1034 + -511. Suppose s = w + 5*h, -2*w + 2*h + 1032 = 5*h. What is the tens digit of w?
1
Let p(t) = -t**3 - 16*t**2 + 178*t - 38. What is the thousands digit of p(-26)?
2
What is the tens digit of 843*((-31)/(-11) + 8/44)?
2
Suppose 8*u = -382 - 266. What is the hundreds digit of 6/(-27) - 22941/u?
2
Suppose -2215 = -2*i + 4929. What is the hundreds digit of i?
5
Let c(l) = 12*l**2 + 2*l - 50. Let h = 177 + -187. What is the thousands digit of c(h)?
1
Suppose 0 = -21*l + 1959 - 2316. Suppose -t = -5*t - 124. Let k = l - t. What is the tens digit of k?
1
Let r(t) = 24*t**3 - 2*t**2 - 22*t - 54. What is the units digit of r(7)?
6
Let x(n) = -193*n + 1351. What is the tens digit of x(-41)?
6
Let j(s) = s**2 - 19*s + 20. Let k be j(17). Let f = k + 6. Let o(u) = u**2 + 21. What is the units digit of o(f)?
5
Let j(u) = 32*u**2 - 81*u - 607. What is the units digit of j(-11)?
6
Let h be (7/21)/(1/729). Let w be 4/(-14) + h/(-7) - 3. Let o = 49 - w. What is the tens digit of o?
8
Let d(t) = 20*t**2 - 445*t - 106. What is the tens digit of d(45)?
6
Suppose -4*o - 3*f = -50756, -5*o + 16*f - 13*f + 63418 = 0. What is the tens digit of o?
8
Suppose -706*q - 1798236 = -805*q. What is the units digit of q?
4
Let n(q) = q**2 - 3*q + 2. Let h be n(3). Suppose h*x + 2*r - 14 = 0, -3*r = 3*x + x - 25. Suppose -203 = -x*m + 125. What is the units digit of m?
2
Suppose 9*p + 4*o = 13*p - 6076, -1520 = -p + 2*o. Suppose p = b - 453. What is the hundreds digit of b?
9
Let d(j) = -8 + 356*j**3 + 5*j**2 - 4*j**2 - 2*j**2 + 2*j - 357*j**3. What is the units digit of d(-9)?
2
What is the hundreds digit of -1 - ((-5)/(5 - 0))/(8/129352)?
1
Let p(k) = 182846*k - 4 + 2 - 182618*k. Suppose -4 = -4*y - 0. What is the tens digit of p(y)?
2
Let d = 919 + -520. Let v = d + -190. What is the hundreds digit of v?
2
Suppose 0*a - 3*q - 18 = -a, -a - 12 = 3*q. Suppose 142 = -g + a*g. Let z = -15 + g. What is the units digit of z?
6
Suppose 25*z - 28791 = -7016. What is the hundreds digit of z?
8
Let i be 1/(272/(-56) - -5). Suppose 4*a - 20 = 0, i*c - 3*a - 2742 = 4*c. What is the units digit of c?
9
Let o(w) = -2*w**2 + 7*w + 33. Let k be o(5). What is the units digit of (-2870)/(-6) - (-30)/k?
0
Suppose 184*t - 1016280 = 49*t. What is the hundreds digit of t?
5
Let p(b) = b**2 + b + 2. Let i be p(-2). Suppose 0 = -v + 5*c - 5, i*v + 2*c - 6 = -136. Let h = v + 44. What is the tens digit of h?
1
Let o(x) = -60*x + 1151. What is the units digit of o(-29)?
1
Suppose -392685 = -45*w + 531927 + 152238. What is the hundreds digit of w?
9
Let o = -43 + 46. Suppose o*j + 45 = -2*k, -5*k + 29 + 21 = -5*j. What is the tens digit of (-4)/(8/6) - j?
1
Let k be -3 + (-24)/(-16)*-2. Suppose -6 = 2*v + 10. What is the units digit of (-9)/k*v/(-12)?
1
Suppose 142 = -12*h - 146. Let l = -26 - h. What is the tens digit of ((-24)/(-14))/(111/(-56) - l)?
9
Let z be -3 + 162/20 + 8/(-80). Suppose -2503 - 251 = -3*q + z*a, 2*a - 2775 = -3*q. What is the units digit of q?
3
Suppose -37581 = -38*s + 280821. What is the thousands digit of s?
8
Suppose -50 = -5*n + 5*j, 2*n - 2*j - 16 = 2*j. What is the hundreds digit of -382*n/8*3/(-9)?
1
Let y(s) = -9*s - 113. Let u(q) = q - 1. Let m(i) = 2*u(i) - y(i). What is the tens digit of m(22)?
5
Let w(q) = -6*q + 9. Let x be w(-5). Suppose -32*n = -x*n + 217. What is the units digit of n?
1
Suppose 2386 = 4*j - 2051 + 977. What is the tens digit of j?
6
Let b(t) = t**2 + 12*t + 17. Let q be b(-11). Let j be (-36)/15*(-15)/q. Let p = j - -28. What is the tens digit of p?
3
Let x(s) = s**3 + 4*s**2 - s - 4. Let g be x(-5). Let u = 20 + g. What is the units digit of 1 + -1 + (0 - u - -25)?
9
Let r = 5250 + -2175. Suppose 